5*l(c) - 6*t(c). Suppose -w = 2*w + 24. Give y(w).
-11
Let f(u) be the first derivative of u**4/4 - 2*u**3 + 3*u**2 + 6*u - 65. Determine f(5).
11
Let a(u) = -2. Let t(x) = 3*x + 19. Let j(z) = 18*a(z) + 2*t(z). What is j(-3)?
-16
Let j(g) = 16*g**2 - 13 + 3*g - 2*g - 139*g**3 - 7 - 142*g**3 + 280*g**3. What is j(16)?
-4
Let o(l) = -l**3 - 9*l**2 + 1. Let y be 11 + -10 - (1 - -1)*-4. Suppose 6*f - 33 = y*f + 3*u, 0 = -5*f - 4*u - 53. Determine o(f).
1
Let x(j) = -j + 12. Let f be x(5). Suppose -3 - f = -5*s. Let g(y) = 3*y**3 + 4*y + 5*y - s*y**3 + 5 - 4*y + 6*y**2. Calculate g(-5).
5
Let j = -150 - -144. Let k(v) = v**3 + 7*v**2 + 8*v + 3. Determine k(j).
-9
Let i(u) = u**3 + u**2 - u + 19. Let q be (390/35)/(1/7). Let m = 54 - q. Let l = 24 + m. Give i(l).
19
Suppose 7*v = 4*v + 57. Suppose 17*b - 8 = v*b. Let k(f) = 4*f + 4. Give k(b).
-12
Let q be -4*(-1)/(8/(-6)). Let n(r) = -6*r**3 - 4*r**2 - 7*r - 14. Let b(m) = 5*m**3 + 3*m**2 + 6*m + 12. Let d(v) = -7*b(v) - 6*n(v). Give d(q).
0
Let v(b) be the third derivative of b**6/120 + 7*b**5/20 - 5*b**4/6 + 47*b**3/6 + 2*b**2 + 40. Give v(-22).
3
Suppose 9*x = 4*x + 15. Let t(v) = -2*v + 4. Let h(u) be the second derivative of u**3/2 - 5*u**2/2 + 6*u. Let s(g) = x*h(g) + 4*t(g). What is s(-6)?
-5
Let h be 2/(-11) - (-10)/55. Suppose 0 = 4*b - h - 28. Suppose -2*d + d + b = 2*w, -3*d = -4*w + 19. Let q(n) = -n**2 + 6*n - 5. Give q(w).
3
Suppose -3*z = 5*c - 65, 4*c + 85 = 3*z - c. Suppose 0 = 5*y - z, 5*y + 4 = o + 33. Let p(m) = -m + 1. What is p(o)?
5
Let y(s) = -2*s**3 + s**2 - 2*s - 1. Suppose -1401*c = -1413*c - 24. Calculate y(c).
23
Let c(x) be the first derivative of -x**5/20 - 5*x**4/12 - x**3/6 + x**2/2 + 6*x - 3. Let m(j) be the first derivative of c(j). Let l = -3 + -2. Give m(l).
6
Let y(i) = -7*i + 6 - 35*i**2 + 14*i**3 + 29*i + 26*i**2 - 15*i**3. Determine y(-11).
6
Suppose 6*m + 0*m + 36 = 0. Let c be ((-11)/(-2))/(1/2). Let v(p) = -2*p**3 - 3 + 3*p**3 + 6*p**2 + 3*p + c. Give v(m).
-10
Suppose 0 = -3*z - 0*z. Suppose -4*s + 70 + 122 = z. Let k be -6*(4 + s/(-9)). Let q(j) = j**3 - 8*j**2 + 2*j - 11. Give q(k).
5
Suppose w = 11 - 10. Let k(d) = 6*d - 1. Give k(w).
5
Let m be 117/26 - 25/2. Let c(t) = -t**2 - 8*t - 5. Determine c(m).
-5
Let f(y) = -3 + 36*y - 85*y + 55*y. What is f(3)?
15
Let u(c) = 2*c**2 + 22*c + 3. Let n(k) = 6*k**2 + 64*k + 8. Let i(y) = 6*n(y) - 17*u(y). Determine i(-9).
69
Let l = 8 - 13. Let s(m) be the third derivative of -m**4/24 + m**3/6 - 46*m**2 + 2*m. Give s(l).
6
Let z(x) = -5 - 14 - 1 - x + 2. Let o be z(-12). Let i(q) = q + 5. Calculate i(o).
-1
Let n(i) be the second derivative of i**5/20 - 7*i**4/12 + i**3/3 - 5*i**2 - i. Let s be n(7). Let v(w) = -w**2 - 2*w - 2*w**2 + 4*w**2 - w. Calculate v(s).
4
Let k = 482 + -480. Let r = 11 - 8. Let y(w) = 14*w**2 + k*w + 5 + r*w**3 - 9*w**2 - 2*w**3. What is y(-5)?
-5
Let f(u) be the third derivative of 0*u - 11*u**2 + 0 + 0*u**4 - 1/60*u**5 + 5/3*u**3. Calculate f(0).
10
Let p = -90 - -95. Suppose 0 = p*c + 2 - 27. Let r(g) = g - 5 + 0*g - 1. Calculate r(c).
-1
Let v(r) = 0*r - 5*r**3 + r - 2*r + 4*r**3. What is v(1)?
-2
Let u(x) = -x**2 + 11*x + 30. Suppose 0 = -2*a + 4, 0 = -11*h + 7*h - 5*a + 66. What is u(h)?
-12
Let t(z) = 13*z - 55. Let g be t(4). Let u(d) = -d**3 - 2*d**2 - 2*d + 4. Calculate u(g).
19
Let t(i) = -20*i**2 + 9*i - 2. Let o(k) = 17*k**2 - 8*k + 3. Let r(x) = -7*o(x) - 6*t(x). Calculate r(-4).
-1
Let p(g) = g**3 - 2*g - 1. Let b = 763 - 761. Give p(b).
3
Suppose 12 = -0*o + 3*o. Let s(n) be the second derivative of n**5/20 - n**4/3 + n**3/6 - n**2/2 + 23*n + 4. Calculate s(o).
3
Let t(l) = -l**3 + 3*l**2 + 3*l + 1. Let y = 503 + -500. Determine t(y).
10
Suppose 25*v - 29 = 29*v - m, -2 = -3*v - 4*m. Let g(t) = t**2 + t - 7. What is g(v)?
23
Let d(j) be the second derivative of j**4/12 - 4*j**3/3 - 3*j**2 - 172*j. What is d(8)?
-6
Let m(x) be the third derivative of x**5/30 + 13*x**4/24 - x**3/2 + 67*x**2. Calculate m(-6).
-9
Let a be (-22)/3*(-3)/2. Let o(b) = -b**2 + 12*b - 20. Calculate o(a).
-9
Let f(j) = 5*j - 33. Suppose 166*h - 159*h - 35 = 0. Determine f(h).
-8
Let s(p) = -501 + 1012 - 509 + p. Let i be -3*3 - (-2 + 1). Calculate s(i).
-6
Let n(v) be the third derivative of v**4/24 + 2*v**3/3 + 22*v**2. Let p be n(-1). Let c(u) = -2*u + 3. Determine c(p).
-3
Suppose 8*b - 5*b = 2*o - 18, 4*o = -4*b + 36. Let u(k) = 0*k + o - 2*k - 2*k. Suppose -2*a - f - 3 = -10, -5*f = -4*a + 49. What is u(a)?
-15
Let t(a) = a**3 + 20*a**2 + 2*a + 44. Suppose 7*n - 33 = -173. Calculate t(n).
4
Let u(p) be the second derivative of -p**4/12 + p**3/3 - p**2/2 + 295*p - 1. What is u(-5)?
-36
Let t(l) = l**2 - 7*l + 4. Let q = 48 + -41. Let y be t(q). Let u(z) = z. Let p(g) = 8*g - 3. Let c(j) = -p(j) + 6*u(j). Determine c(y).
-5
Let x(z) = -z**2 + 9*z + 2. Let y(l) = -3*l**2 + 19*l + 5. Let d(w) = -5*x(w) + 2*y(w). Give d(-10).
-30
Let v(k) = -4*k + 19486 + k - 19492. Determine v(2).
-12
Let n = -24 + 27. Suppose -m - 15 = -5*b + n*m, -2*b - 4*m = -6. Let q(o) = 51 - 49 - o + b*o. Determine q(-3).
-4
Suppose x - 329*o + 1 = -324*o, 4*x - 4*o = -4. Let h(b) = 4*b + 7. Let q(s) = -1. Let m(p) = h(p) + 6*q(p). Give m(x).
-3
Let o(t) = -t**3 - t**2 + t - 1. Suppose 0 = 2*w - 0*w - 4. Suppose 5 + 11 = -w*n. Let s = 8 + n. Give o(s).
-1
Let p(o) = 0 + o - 5*o**2 + 1 - 2*o**2 + 6*o**2. Let d(k) = k**3 - 3*k**2 - 13*k + 4. Let g(b) = -d(b) - 3*p(b). Calculate g(7).
14
Let g(t) = -t - 3. Suppose 4*w + 2*x - 3*x = -24, x + 12 = -2*w. Determine g(w).
3
Let t(p) = p**2 + 4*p + 6. Suppose -14*u + 3*u - 44 = 0. Determine t(u).
6
Let m(b) = -5*b - b + 7 - 3*b**2 - 7*b - 12*b + 3. What is m(-8)?
18
Suppose 3*w = -2*w + 5*l, 28 = 3*w + 4*l. Let q(c) = 13*c**2 - 12*c + 29. Let t(y) = 3*y**2 - 3*y + 7. Let s(z) = 2*q(z) - 9*t(z). Give s(w).
-9
Let p(k) = 5*k**3 - k**2 - 2*k - 3. Let i(d) = -23*d**3 + 3*d**2 + 9*d + 12. Let v(j) = 2*i(j) + 9*p(j). Give v(-3).
-3
Let b be 1 - (10/(-6))/((-6)/(-54)). Suppose -b*r + 6 = -13*r. Let l(y) = -y**2 - 1. Calculate l(r).
-5
Let n be -5 - (-1 + -9 + 1). Let p(g) = n*g**2 + 18*g - 1 - 14*g - 3*g**2. What is p(-5)?
4
Let k = 4 + -3. Suppose w - 17 = -2*d + 6*d, 2*d - 3*w + k = 0. Let v(q) = 4 + 0*q**2 - 5 - q - 5*q**2 - q**3. Calculate v(d).
4
Let h(n) be the first derivative of n**3/3 - 3*n**2/2 + n - 1. Let f = -4356 - -4361. Determine h(f).
11
Let z(g) be the first derivative of 4*g**2 + 13*g - 496. Give z(-1).
5
Suppose -2*s = 3*x - 16, x = 4*s + 4*x - 32. Suppose -s = 5*m + 7. Let t(n) = -n**3 - n**2 + 3*n - 3. What is t(m)?
6
Let j(x) be the first derivative of -x + 22 + 0*x**2 - 11/3*x**3. What is j(-1)?
-12
Suppose 3*y - 6 = -3*r, 3*y - 11 = -5*r + 3*r. Suppose 10*d - y = 23. Let s(h) = h - 3. Calculate s(d).
0
Let h(j) = 2*j + 2. Let o(u) = -3*u + 17. Let s(t) = t - 6. Let y(r) = 2*o(r) + 7*s(r). Let c be y(5). Calculate h(c).
-4
Let l(i) be the first derivative of i**2 - 14*i + 8. Let z be l(8). Let g(p) = -3*p - 5 - 5*p + p**2 + 0*p**z + 3*p. What is g(4)?
-9
Let t(i) = 2*i**3 + 12*i**2 + 10*i - 2. Let p be t(-5). Let x(j) be the second derivative of j**4/12 + j**2 - 8*j. Calculate x(p).
6
Let n(s) = -s**3 - 7*s**2 + 6*s - 10. Suppose 0 = 9*j - 5*j. Suppose 3*q + 22 + 2 = j. Determine n(q).
6
Let k(j) be the first derivative of -j**4/4 - 5*j**3/3 + 9*j**2/2 + 8*j + 70. Give k(-6).
-10
Suppose 0 = -3*g - 1 + 16. Suppose 3*s - 13 = w, 3*w = -3*s + 2*w + g. Let b(t) = t**3 - 2*t**2 - t. Determine b(s).
6
Let w(a) = -6*a**2 + 2*a - 5. Let u(i) = -5*i**2 + i - 5. Let o(q) = 5*u(q) - 4*w(q). Let h be (2 - (-31)/(-5)) + 57/285. Give o(h).
-9
Let p = 12 + -7. Suppose -2*x - 6 = 3*o - p*x, 0 = -3*o - 3*x. Let w(v) be the first derivative of -v**2/2 + 10. Determine w(o).
1
Let w(v) be the second derivative of v**4/6 - 2*v**3/3 + 2*v**2 - 2*v - 5. Determine w(5).
34
Let x(t) = 9*t - 19. Let n be (10/(-4))/(-20 - (-1125)/60). What is x(n)?
-1
Let r = 117 - 117. Let i(x) = -x + r - 7 + 0*x + 6. Calculate i(6).
-7
Let v(c) = c**3 + 15*c**2 - 3*c - 48. Let x be v(-15). Let z(b) = 4*b**2 + 6*b - 8. Let a(w) = -3*w**2 - 5*w + 7. Let r(s) = -6*a(s) - 5*z(s). Calculate r(x).
-20
Suppose 12*p = -12*p - 96. Let g(v) = -v - 7. Calculate g(p).
-3
Let f(g) = g**3 + 7*g**2 - 10*g. Let r(c)